
{"id":44730,"date":"2024-05-18T13:11:04","date_gmt":"2024-05-18T18:11:04","guid":{"rendered":"https:\/\/www.farmtocafeteriacanada.ca\/?page_id=44730"},"modified":"2024-09-16T15:45:42","modified_gmt":"2024-09-16T20:45:42","slug":"reduire-les-ecarts-de-lalimentation-locale-en-ontario","status":"publish","type":"page","link":"https:\/\/www.farmtocafeteriacanada.ca\/fr\/reduire-les-ecarts-de-lalimentation-locale-en-ontario\/","title":{"rendered":"R\u00e9duire les \u00e9carts de l\u2019alimentation locale en Ontario"},"content":{"rendered":"<h4><em><strong>Comprendre les opportunit\u00e9s et les limites de l\u2019approvisionnement et de la distribution d\u2019aliments locaux dans les \u00e9coles, de la maternelle \u00e0 la 12e ann\u00e9e en Ontario<\/strong><\/em><\/h4>\n<h6><em><span style=\"font-weight: 400;\">F2CC, en partenariat avec <a href=\"https:\/\/studentnutritionontarioce.ca\/\" target=\"_blank\" rel=\"noopener\">Student Nutrition Ontario Central East Region<\/a>, <a href=\"https:\/\/sustainontario.com\/\" target=\"_blank\" rel=\"noopener\">Sustain Ontario<\/a> et la <a href=\"https:\/\/www.sainealimentationscolaire.ca\/\" target=\"_blank\" rel=\"noopener\">Coalition pour une saine alimentation scolaire<\/a>, a travaill\u00e9 avec quatre \u00e9tudiants aux \u00e9tudes sup\u00e9rieures de l\u2019<a href=\"https:\/\/www.uoguelph.ca\/\" target=\"_blank\" rel=\"noopener\">Universit\u00e9 de Guelph<\/a> de septembre 2023 \u00e0 avril 2024. Le projet visait \u00e0 aborder un probl\u00e8me syst\u00e9mique ayant une incidence importante sur les communaut\u00e9s \u00e0 travers le Canada : <\/span><b>le potentiel inexploit\u00e9 d\u2019achat et d\u2019offre d\u2019aliments locaux dans les programmes de collations et de repas scolaires<\/b><span style=\"font-weight: 400;\"> afin de soutenir l\u2019agriculture canadienne et le secteur agroalimentaire, tout en connectant les \u00e9l\u00e8ves aux syst\u00e8mes alimentaires locaux et en encourageant de saines habitudes alimentaires.<\/span><\/em><\/h6>\n<p><i><span style=\"font-weight: 400;\">Cette initiative faisait partie du cours Innovation and Entrepreneurship in Agri-Food Systems, port\u00e9 par la Arrel Food Institute et soutenu par Food From Thought.<\/span><\/i><\/p>\n","protected":false},"excerpt":{"rendered":"<p>Comprendre les opportunit\u00e9s et les limites de l\u2019approvisionnement et de la distribution d\u2019aliments locaux dans les \u00e9coles, de la maternelle \u00e0 la 12e ann\u00e9e en Ontario F2CC, en partenariat avec Student Nutrition Ontario Central East Region, Sustain Ontario et la Coalition pour une saine alimentation scolaire, a travaill\u00e9 avec quatre \u00e9tudiants aux \u00e9tudes sup\u00e9rieures de [&hellip;]<\/p>\n","protected":false},"author":3,"featured_media":0,"parent":0,"menu_order":0,"comment_status":"closed","ping_status":"closed","template":"","meta":{"_acf_changed":false,"_exactmetrics_skip_tracking":false,"_exactmetrics_sitenote_active":false,"_exactmetrics_sitenote_note":"","_exactmetrics_sitenote_category":0,"footnotes":""},"class_list":["post-44730","page","type-page","status-publish","hentry"],"acf":[],"yoast_head":"<!-- This site is optimized with the Yoast SEO plugin v26.7 - https:\/\/yoast.com\/wordpress\/plugins\/seo\/ -->\n<title>R\u00e9duire les \u00e9carts de l\u2019alimentation locale en Ontario - Farm to Cafeteria Canada<\/title>\n<meta name=\"robots\" content=\"index, follow, max-snippet:-1, max-image-preview:large, max-video-preview:-1\" \/>\n<link rel=\"canonical\" href=\"https:\/\/www.farmtocafeteriacanada.ca\/fr\/reduire-les-ecarts-de-lalimentation-locale-en-ontario\/\" \/>\n<meta property=\"og:locale\" content=\"fr_FR\" \/>\n<meta property=\"og:type\" content=\"article\" \/>\n<meta property=\"og:title\" content=\"R\u00e9duire les \u00e9carts de l\u2019alimentation locale en Ontario - Farm to Cafeteria Canada\" \/>\n<meta property=\"og:description\" content=\"Comprendre les opportunit\u00e9s et les limites de l\u2019approvisionnement et de la distribution d\u2019aliments locaux dans les \u00e9coles, de la maternelle \u00e0 la 12e ann\u00e9e en Ontario F2CC, en partenariat avec Student Nutrition Ontario Central East Region, Sustain Ontario et la Coalition pour une saine alimentation scolaire, a travaill\u00e9 avec quatre \u00e9tudiants aux \u00e9tudes sup\u00e9rieures de [&hellip;]\" \/>\n<meta property=\"og:url\" content=\"https:\/\/www.farmtocafeteriacanada.ca\/fr\/reduire-les-ecarts-de-lalimentation-locale-en-ontario\/\" \/>\n<meta property=\"og:site_name\" content=\"Farm to Cafeteria Canada\" \/>\n<meta property=\"article:publisher\" content=\"https:\/\/www.facebook.com\/groups\/FarmtocafeteriaCanada\/\" \/>\n<meta property=\"article:modified_time\" content=\"2024-09-16T20:45:42+00:00\" \/>\n<meta property=\"og:image\" content=\"https:\/\/www.farmtocafeteriacanada.ca\/wp-content\/uploads\/2012\/11\/f2cc_logo.png\" \/>\n\t<meta property=\"og:image:width\" content=\"3000\" \/>\n\t<meta property=\"og:image:height\" content=\"476\" \/>\n\t<meta property=\"og:image:type\" content=\"image\/png\" \/>\n<meta name=\"twitter:card\" content=\"summary_large_image\" \/>\n<meta name=\"twitter:site\" content=\"@Farm2Cafeteria\" \/>\n<meta name=\"twitter:label1\" content=\"Dur\u00e9e de lecture estim\u00e9e\" \/>\n\t<meta name=\"twitter:data1\" content=\"10 minutes\" \/>\n<script type=\"application\/ld+json\" class=\"yoast-schema-graph\">{\"@context\":\"https:\/\/schema.org\",\"@graph\":[{\"@type\":\"WebPage\",\"@id\":\"https:\/\/www.farmtocafeteriacanada.ca\/fr\/reduire-les-ecarts-de-lalimentation-locale-en-ontario\/\",\"url\":\"https:\/\/www.farmtocafeteriacanada.ca\/fr\/reduire-les-ecarts-de-lalimentation-locale-en-ontario\/\",\"name\":\"R\u00e9duire les \u00e9carts de l\u2019alimentation locale en Ontario - Farm to Cafeteria Canada\",\"isPartOf\":{\"@id\":\"https:\/\/www.farmtocafeteriacanada.ca\/#website\"},\"datePublished\":\"2024-05-18T18:11:04+00:00\",\"dateModified\":\"2024-09-16T20:45:42+00:00\",\"breadcrumb\":{\"@id\":\"https:\/\/www.farmtocafeteriacanada.ca\/fr\/reduire-les-ecarts-de-lalimentation-locale-en-ontario\/#breadcrumb\"},\"inLanguage\":\"fr-FR\",\"potentialAction\":[{\"@type\":\"ReadAction\",\"target\":[\"https:\/\/www.farmtocafeteriacanada.ca\/fr\/reduire-les-ecarts-de-lalimentation-locale-en-ontario\/\"]}]},{\"@type\":\"BreadcrumbList\",\"@id\":\"https:\/\/www.farmtocafeteriacanada.ca\/fr\/reduire-les-ecarts-de-lalimentation-locale-en-ontario\/#breadcrumb\",\"itemListElement\":[{\"@type\":\"ListItem\",\"position\":1,\"name\":\"Home\",\"item\":\"https:\/\/www.farmtocafeteriacanada.ca\/fr\/accueil\/\"},{\"@type\":\"ListItem\",\"position\":2,\"name\":\"R\u00e9duire les \u00e9carts de l\u2019alimentation locale en Ontario\"}]},{\"@type\":\"WebSite\",\"@id\":\"https:\/\/www.farmtocafeteriacanada.ca\/#website\",\"url\":\"https:\/\/www.farmtocafeteriacanada.ca\/\",\"name\":\"Farm to Cafeteria Canada\",\"description\":\"\",\"publisher\":{\"@id\":\"https:\/\/www.farmtocafeteriacanada.ca\/#organization\"},\"potentialAction\":[{\"@type\":\"SearchAction\",\"target\":{\"@type\":\"EntryPoint\",\"urlTemplate\":\"https:\/\/www.farmtocafeteriacanada.ca\/?s={search_term_string}\"},\"query-input\":{\"@type\":\"PropertyValueSpecification\",\"valueRequired\":true,\"valueName\":\"search_term_string\"}}],\"inLanguage\":\"fr-FR\"},{\"@type\":\"Organization\",\"@id\":\"https:\/\/www.farmtocafeteriacanada.ca\/#organization\",\"name\":\"Farm to Cafeteria Canada\",\"url\":\"https:\/\/www.farmtocafeteriacanada.ca\/\",\"logo\":{\"@type\":\"ImageObject\",\"inLanguage\":\"fr-FR\",\"@id\":\"https:\/\/www.farmtocafeteriacanada.ca\/#\/schema\/logo\/image\/\",\"url\":\"http:\/\/www.farmtocafeteriacanada.ca\/wp-content\/uploads\/2015\/03\/f2cc_logo_en2.png\",\"contentUrl\":\"http:\/\/www.farmtocafeteriacanada.ca\/wp-content\/uploads\/2015\/03\/f2cc_logo_en2.png\",\"width\":3000,\"height\":476,\"caption\":\"Farm to Cafeteria Canada\"},\"image\":{\"@id\":\"https:\/\/www.farmtocafeteriacanada.ca\/#\/schema\/logo\/image\/\"},\"sameAs\":[\"https:\/\/www.facebook.com\/groups\/FarmtocafeteriaCanada\/\",\"https:\/\/x.com\/Farm2Cafeteria\",\"https:\/\/www.youtube.com\/channel\/UCQjcYiICtAygShD3IwNsewQ\"]}]}<\/script>\n<!-- \/ Yoast SEO plugin. -->","yoast_head_json":{"title":"R\u00e9duire les \u00e9carts de l\u2019alimentation locale en Ontario - Farm to Cafeteria Canada","robots":{"index":"index","follow":"follow","max-snippet":"max-snippet:-1","max-image-preview":"max-image-preview:large","max-video-preview":"max-video-preview:-1"},"canonical":"https:\/\/www.farmtocafeteriacanada.ca\/fr\/reduire-les-ecarts-de-lalimentation-locale-en-ontario\/","og_locale":"fr_FR","og_type":"article","og_title":"R\u00e9duire les \u00e9carts de l\u2019alimentation locale en Ontario - Farm to Cafeteria Canada","og_description":"Comprendre les opportunit\u00e9s et les limites de l\u2019approvisionnement et de la distribution d\u2019aliments locaux dans les \u00e9coles, de la maternelle \u00e0 la 12e ann\u00e9e en Ontario F2CC, en partenariat avec Student Nutrition Ontario Central East Region, Sustain Ontario et la Coalition pour une saine alimentation scolaire, a travaill\u00e9 avec quatre \u00e9tudiants aux \u00e9tudes sup\u00e9rieures de [&hellip;]","og_url":"https:\/\/www.farmtocafeteriacanada.ca\/fr\/reduire-les-ecarts-de-lalimentation-locale-en-ontario\/","og_site_name":"Farm to Cafeteria Canada","article_publisher":"https:\/\/www.facebook.com\/groups\/FarmtocafeteriaCanada\/","article_modified_time":"2024-09-16T20:45:42+00:00","og_image":[{"width":3000,"height":476,"url":"https:\/\/www.farmtocafeteriacanada.ca\/wp-content\/uploads\/2012\/11\/f2cc_logo.png","type":"image\/png"}],"twitter_card":"summary_large_image","twitter_site":"@Farm2Cafeteria","twitter_misc":{"Dur\u00e9e de lecture estim\u00e9e":"10 minutes"},"schema":{"@context":"https:\/\/schema.org","@graph":[{"@type":"WebPage","@id":"https:\/\/www.farmtocafeteriacanada.ca\/fr\/reduire-les-ecarts-de-lalimentation-locale-en-ontario\/","url":"https:\/\/www.farmtocafeteriacanada.ca\/fr\/reduire-les-ecarts-de-lalimentation-locale-en-ontario\/","name":"R\u00e9duire les \u00e9carts de l\u2019alimentation locale en Ontario - Farm to Cafeteria Canada","isPartOf":{"@id":"https:\/\/www.farmtocafeteriacanada.ca\/#website"},"datePublished":"2024-05-18T18:11:04+00:00","dateModified":"2024-09-16T20:45:42+00:00","breadcrumb":{"@id":"https:\/\/www.farmtocafeteriacanada.ca\/fr\/reduire-les-ecarts-de-lalimentation-locale-en-ontario\/#breadcrumb"},"inLanguage":"fr-FR","potentialAction":[{"@type":"ReadAction","target":["https:\/\/www.farmtocafeteriacanada.ca\/fr\/reduire-les-ecarts-de-lalimentation-locale-en-ontario\/"]}]},{"@type":"BreadcrumbList","@id":"https:\/\/www.farmtocafeteriacanada.ca\/fr\/reduire-les-ecarts-de-lalimentation-locale-en-ontario\/#breadcrumb","itemListElement":[{"@type":"ListItem","position":1,"name":"Home","item":"https:\/\/www.farmtocafeteriacanada.ca\/fr\/accueil\/"},{"@type":"ListItem","position":2,"name":"R\u00e9duire les \u00e9carts de l\u2019alimentation locale en Ontario"}]},{"@type":"WebSite","@id":"https:\/\/www.farmtocafeteriacanada.ca\/#website","url":"https:\/\/www.farmtocafeteriacanada.ca\/","name":"Farm to Cafeteria Canada","description":"","publisher":{"@id":"https:\/\/www.farmtocafeteriacanada.ca\/#organization"},"potentialAction":[{"@type":"SearchAction","target":{"@type":"EntryPoint","urlTemplate":"https:\/\/www.farmtocafeteriacanada.ca\/?s={search_term_string}"},"query-input":{"@type":"PropertyValueSpecification","valueRequired":true,"valueName":"search_term_string"}}],"inLanguage":"fr-FR"},{"@type":"Organization","@id":"https:\/\/www.farmtocafeteriacanada.ca\/#organization","name":"Farm to Cafeteria Canada","url":"https:\/\/www.farmtocafeteriacanada.ca\/","logo":{"@type":"ImageObject","inLanguage":"fr-FR","@id":"https:\/\/www.farmtocafeteriacanada.ca\/#\/schema\/logo\/image\/","url":"http:\/\/www.farmtocafeteriacanada.ca\/wp-content\/uploads\/2015\/03\/f2cc_logo_en2.png","contentUrl":"http:\/\/www.farmtocafeteriacanada.ca\/wp-content\/uploads\/2015\/03\/f2cc_logo_en2.png","width":3000,"height":476,"caption":"Farm to Cafeteria Canada"},"image":{"@id":"https:\/\/www.farmtocafeteriacanada.ca\/#\/schema\/logo\/image\/"},"sameAs":["https:\/\/www.facebook.com\/groups\/FarmtocafeteriaCanada\/","https:\/\/x.com\/Farm2Cafeteria","https:\/\/www.youtube.com\/channel\/UCQjcYiICtAygShD3IwNsewQ"]}]}},"_links":{"self":[{"href":"https:\/\/www.farmtocafeteriacanada.ca\/fr\/wp-json\/wp\/v2\/pages\/44730","targetHints":{"allow":["GET"]}}],"collection":[{"href":"https:\/\/www.farmtocafeteriacanada.ca\/fr\/wp-json\/wp\/v2\/pages"}],"about":[{"href":"https:\/\/www.farmtocafeteriacanada.ca\/fr\/wp-json\/wp\/v2\/types\/page"}],"author":[{"embeddable":true,"href":"https:\/\/www.farmtocafeteriacanada.ca\/fr\/wp-json\/wp\/v2\/users\/3"}],"replies":[{"embeddable":true,"href":"https:\/\/www.farmtocafeteriacanada.ca\/fr\/wp-json\/wp\/v2\/comments?post=44730"}],"version-history":[{"count":5,"href":"https:\/\/www.farmtocafeteriacanada.ca\/fr\/wp-json\/wp\/v2\/pages\/44730\/revisions"}],"predecessor-version":[{"id":44742,"href":"https:\/\/www.farmtocafeteriacanada.ca\/fr\/wp-json\/wp\/v2\/pages\/44730\/revisions\/44742"}],"wp:attachment":[{"href":"https:\/\/www.farmtocafeteriacanada.ca\/fr\/wp-json\/wp\/v2\/media?parent=44730"}],"curies":[{"name":"wp","href":"https:\/\/api.w.org\/{rel}","templated":true}]}}

Réduire les écarts de l’alimentation locale en Ontario

<h4><em><strong>Comprendre les opportunités et les limites de l’approvisionnement et de la distribution d’aliments locaux dans les écoles, de la maternelle à la 12e année en Ontario</strong></em></h4>
<h6><em><span style="font-weight: 400;">F2CC, en partenariat avec <a href="https://studentnutritionontarioce.ca/" target="_blank" rel="noopener">Student Nutrition Ontario Central East Region</a>, <a href="https://sustainontario.com/" target="_blank" rel="noopener">Sustain Ontario</a> et la <a href="https://www.sainealimentationscolaire.ca/" target="_blank" rel="noopener">Coalition pour une saine alimentation scolaire</a>, a travaillé avec quatre étudiants aux études supérieures de l’<a href="https://www.uoguelph.ca/" target="_blank" rel="noopener">Université de Guelph</a> de septembre 2023 à avril 2024. Le projet visait à aborder un problème systémique ayant une incidence importante sur les communautés à travers le Canada : </span><b>le potentiel inexploité d’achat et d’offre d’aliments locaux dans les programmes de collations et de repas scolaires</b><span style="font-weight: 400;"> afin de soutenir l’agriculture canadienne et le secteur agroalimentaire, tout en connectant les élèves aux systèmes alimentaires locaux et en encourageant de saines habitudes alimentaires.</span></em></h6>
<p><i><span style="font-weight: 400;">Cette initiative faisait partie du cours Innovation and Entrepreneurship in Agri-Food Systems, porté par la Arrel Food Institute et soutenu par Food From Thought.</span></i></p>

<p>Comprendre les opportunités et les limites de l’approvisionnement et de la distribution d’aliments locaux dans les écoles, de la maternelle à la 12e année en Ontario F2CC, en partenariat avec Student Nutrition Ontario Central East Region, Sustain Ontario et la Coalition pour une saine alimentation scolaire, a travaillé avec quatre étudiants aux études supérieures de [&hellip;]</p>

<!-- This site is optimized with the Yoast SEO plugin v26.7 - https://yoast.com/wordpress/plugins/seo/ -->
<title>Réduire les écarts de l’alimentation locale en Ontario - Farm to Cafeteria Canada</title>
<meta name="robots" content="index, follow, max-snippet:-1, max-image-preview:large, max-video-preview:-1" />
<link rel="canonical" href="https://www.farmtocafeteriacanada.ca/fr/reduire-les-ecarts-de-lalimentation-locale-en-ontario/" />
<meta property="og:locale" content="fr_FR" />
<meta property="og:type" content="article" />
<meta property="og:title" content="Réduire les écarts de l’alimentation locale en Ontario - Farm to Cafeteria Canada" />
<meta property="og:description" content="Comprendre les opportunités et les limites de l’approvisionnement et de la distribution d’aliments locaux dans les écoles, de la maternelle à la 12e année en Ontario F2CC, en partenariat avec Student Nutrition Ontario Central East Region, Sustain Ontario et la Coalition pour une saine alimentation scolaire, a travaillé avec quatre étudiants aux études supérieures de [&hellip;]" />
<meta property="og:url" content="https://www.farmtocafeteriacanada.ca/fr/reduire-les-ecarts-de-lalimentation-locale-en-ontario/" />
<meta property="og:site_name" content="Farm to Cafeteria Canada" />
<meta property="article:publisher" content="https://www.facebook.com/groups/FarmtocafeteriaCanada/" />
<meta property="article:modified_time" content="2024-09-16T20:45:42+00:00" />
<meta property="og:image" content="https://www.farmtocafeteriacanada.ca/wp-content/uploads/2012/11/f2cc_logo.png" />
	<meta property="og:image:width" content="3000" />
	<meta property="og:image:height" content="476" />
	<meta property="og:image:type" content="image/png" />
<meta name="twitter:card" content="summary_large_image" />
<meta name="twitter:site" content="@Farm2Cafeteria" />
<meta name="twitter:label1" content="Durée de lecture estimée" />
	<meta name="twitter:data1" content="10 minutes" />
<script type="application/ld+json" class="yoast-schema-graph">{"@context":"https://schema.org","@graph":[{"@type":"WebPage","@id":"https://www.farmtocafeteriacanada.ca/fr/reduire-les-ecarts-de-lalimentation-locale-en-ontario/","url":"https://www.farmtocafeteriacanada.ca/fr/reduire-les-ecarts-de-lalimentation-locale-en-ontario/","name":"Réduire les écarts de l’alimentation locale en Ontario - Farm to Cafeteria Canada","isPartOf":{"@id":"https://www.farmtocafeteriacanada.ca/#website"},"datePublished":"2024-05-18T18:11:04+00:00","dateModified":"2024-09-16T20:45:42+00:00","breadcrumb":{"@id":"https://www.farmtocafeteriacanada.ca/fr/reduire-les-ecarts-de-lalimentation-locale-en-ontario/#breadcrumb"},"inLanguage":"fr-FR","potentialAction":[{"@type":"ReadAction","target":["https://www.farmtocafeteriacanada.ca/fr/reduire-les-ecarts-de-lalimentation-locale-en-ontario/"]}]},{"@type":"BreadcrumbList","@id":"https://www.farmtocafeteriacanada.ca/fr/reduire-les-ecarts-de-lalimentation-locale-en-ontario/#breadcrumb","itemListElement":[{"@type":"ListItem","position":1,"name":"Home","item":"https://www.farmtocafeteriacanada.ca/fr/accueil/"},{"@type":"ListItem","position":2,"name":"Réduire les écarts de l’alimentation locale en Ontario"}]},{"@type":"WebSite","@id":"https://www.farmtocafeteriacanada.ca/#website","url":"https://www.farmtocafeteriacanada.ca/","name":"Farm to Cafeteria Canada","description":"","publisher":{"@id":"https://www.farmtocafeteriacanada.ca/#organization"},"potentialAction":[{"@type":"SearchAction","target":{"@type":"EntryPoint","urlTemplate":"https://www.farmtocafeteriacanada.ca/?s={search_term_string}"},"query-input":{"@type":"PropertyValueSpecification","valueRequired":true,"valueName":"search_term_string"}}],"inLanguage":"fr-FR"},{"@type":"Organization","@id":"https://www.farmtocafeteriacanada.ca/#organization","name":"Farm to Cafeteria Canada","url":"https://www.farmtocafeteriacanada.ca/","logo":{"@type":"ImageObject","inLanguage":"fr-FR","@id":"https://www.farmtocafeteriacanada.ca/#/schema/logo/image/","url":"http://www.farmtocafeteriacanada.ca/wp-content/uploads/2015/03/f2cc_logo_en2.png","contentUrl":"http://www.farmtocafeteriacanada.ca/wp-content/uploads/2015/03/f2cc_logo_en2.png","width":3000,"height":476,"caption":"Farm to Cafeteria Canada"},"image":{"@id":"https://www.farmtocafeteriacanada.ca/#/schema/logo/image/"},"sameAs":["https://www.facebook.com/groups/FarmtocafeteriaCanada/","https://x.com/Farm2Cafeteria","https://www.youtube.com/channel/UCQjcYiICtAygShD3IwNsewQ"]}]}</script>
<!-- / Yoast SEO plugin. -->

Réduire les écarts de l’alimentation locale en Ontario - Farm to Cafeteria Canada

Comprendre les opportunités et les limites de l’approvisionnement et de la distribution d’aliments locaux dans les écoles, de la maternelle à la 12e année en Ontario F2CC, en partenariat avec Student Nutrition Ontario Central East Region, Sustain Ontario et la Coalition pour une saine alimentation scolaire, a travaillé avec quatre étudiants aux études supérieures de [&hellip;]
