
{"version":"1.0","provider_name":"Farm to Cafeteria Canada","provider_url":"https:\/\/www.farmtocafeteriacanada.ca\/fr\/","author_name":"Carolyn Webb","author_url":"https:\/\/www.farmtocafeteriacanada.ca\/fr\/author\/cwebb\/","title":"C\u00e9l\u00e9brons le Mois national de l\u2019histoire autochtone - Farm to Cafeteria Canada","type":"rich","width":600,"height":338,"html":"<blockquote class=\"wp-embedded-content\" data-secret=\"RchFDSn6Bq\"><a href=\"https:\/\/www.farmtocafeteriacanada.ca\/fr\/2021\/06\/celebrons-le-mois-national-de-lhistoire-autochtone\/\">C\u00e9l\u00e9brons le Mois national de l\u2019histoire autochtone<\/a><\/blockquote><iframe sandbox=\"allow-scripts\" security=\"restricted\" src=\"https:\/\/www.farmtocafeteriacanada.ca\/fr\/2021\/06\/celebrons-le-mois-national-de-lhistoire-autochtone\/embed\/#?secret=RchFDSn6Bq\" width=\"600\" height=\"338\" title=\"\u00ab\u00a0C\u00e9l\u00e9brons le Mois national de l\u2019histoire autochtone\u00a0\u00bb &#8212; Farm to Cafeteria Canada\" data-secret=\"RchFDSn6Bq\" frameborder=\"0\" marginwidth=\"0\" marginheight=\"0\" scrolling=\"no\" class=\"wp-embedded-content\"><\/iframe><script type=\"text\/javascript\">\n\/* <![CDATA[ *\/\n\/*! This file is auto-generated *\/\n!function(d,l){\"use strict\";l.querySelector&&d.addEventListener&&\"undefined\"!=typeof URL&&(d.wp=d.wp||{},d.wp.receiveEmbedMessage||(d.wp.receiveEmbedMessage=function(e){var t=e.data;if((t||t.secret||t.message||t.value)&&!\/[^a-zA-Z0-9]\/.test(t.secret)){for(var s,r,n,a=l.querySelectorAll('iframe[data-secret=\"'+t.secret+'\"]'),o=l.querySelectorAll('blockquote[data-secret=\"'+t.secret+'\"]'),c=new RegExp(\"^https?:$\",\"i\"),i=0;i<o.length;i++)o[i].style.display=\"none\";for(i=0;i<a.length;i++)s=a[i],e.source===s.contentWindow&&(s.removeAttribute(\"style\"),\"height\"===t.message?(1e3<(r=parseInt(t.value,10))?r=1e3:~~r<200&&(r=200),s.height=r):\"link\"===t.message&&(r=new URL(s.getAttribute(\"src\")),n=new URL(t.value),c.test(n.protocol))&&n.host===r.host&&l.activeElement===s&&(d.top.location.href=t.value))}},d.addEventListener(\"message\",d.wp.receiveEmbedMessage,!1),l.addEventListener(\"DOMContentLoaded\",function(){for(var e,t,s=l.querySelectorAll(\"iframe.wp-embedded-content\"),r=0;r<s.length;r++)(t=(e=s[r]).getAttribute(\"data-secret\"))||(t=Math.random().toString(36).substring(2,12),e.src+=\"#?secret=\"+t,e.setAttribute(\"data-secret\",t)),e.contentWindow.postMessage({message:\"ready\",secret:t},\"*\")},!1)))}(window,document);\n\/\/# sourceURL=https:\/\/www.farmtocafeteriacanada.ca\/wp-includes\/js\/wp-embed.min.js\n\/* ]]> *\/\n<\/script>\n","thumbnail_url":"https:\/\/www.farmtocafeteriacanada.ca\/wp-content\/uploads\/shirley-and-child.jpg","thumbnail_width":1536,"thumbnail_height":888,"description":"Photo: \u00c9cole Elsipogtog, Elsipogtog First Nation, NB En juin, Mois national de l\u2019histoire autochtone, nous rendons hommage \u00e0 l\u2019histoire, aux traditions et \u00e0 la diversit\u00e9 des peuples autochtones du Canada. Nous lan\u00e7ons ce mois en vous racontant des histoires inspirantes de communaut\u00e9s scolaires qui font valoir les traditions et habitudes alimentaires autochtones et en vous [&hellip;]"}

Célébrons le Mois national de l’histoire autochtone - Farm to Cafeteria Canada

<blockquote class="wp-embedded-content" data-secret="RchFDSn6Bq"><a href="https://www.farmtocafeteriacanada.ca/fr/2021/06/celebrons-le-mois-national-de-lhistoire-autochtone/">Célébrons le Mois national de l’histoire autochtone</a></blockquote><iframe sandbox="allow-scripts" security="restricted" src="https://www.farmtocafeteriacanada.ca/fr/2021/06/celebrons-le-mois-national-de-lhistoire-autochtone/embed/#?secret=RchFDSn6Bq" width="600" height="338" title="« Célébrons le Mois national de l’histoire autochtone » &#8212; Farm to Cafeteria Canada" data-secret="RchFDSn6Bq" frameborder="0" marginwidth="0" marginheight="0" scrolling="no" class="wp-embedded-content"></iframe><script type="text/javascript">
/* <![CDATA[ */
/*! This file is auto-generated */
!function(d,l){"use strict";l.querySelector&&d.addEventListener&&"undefined"!=typeof URL&&(d.wp=d.wp||{},d.wp.receiveEmbedMessage||(d.wp.receiveEmbedMessage=function(e){var t=e.data;if((t||t.secret||t.message||t.value)&&!/[^a-zA-Z0-9]/.test(t.secret)){for(var s,r,n,a=l.querySelectorAll('iframe[data-secret="'+t.secret+'"]'),o=l.querySelectorAll('blockquote[data-secret="'+t.secret+'"]'),c=new RegExp("^https?:$","i"),i=0;i<o.length;i++)o[i].style.display="none";for(i=0;i<a.length;i++)s=a[i],e.source===s.contentWindow&&(s.removeAttribute("style"),"height"===t.message?(1e3<(r=parseInt(t.value,10))?r=1e3:~~r<200&&(r=200),s.height=r):"link"===t.message&&(r=new URL(s.getAttribute("src")),n=new URL(t.value),c.test(n.protocol))&&n.host===r.host&&l.activeElement===s&&(d.top.location.href=t.value))}},d.addEventListener("message",d.wp.receiveEmbedMessage,!1),l.addEventListener("DOMContentLoaded",function(){for(var e,t,s=l.querySelectorAll("iframe.wp-embedded-content"),r=0;r<s.length;r++)(t=(e=s[r]).getAttribute("data-secret"))||(t=Math.random().toString(36).substring(2,12),e.src+="#?secret="+t,e.setAttribute("data-secret",t)),e.contentWindow.postMessage({message:"ready",secret:t},"*")},!1)))}(window,document);
//# sourceURL=https://www.farmtocafeteriacanada.ca/wp-includes/js/wp-embed.min.js
/* ]]> */
</script>

Photo: École Elsipogtog, Elsipogtog First Nation, NB En juin, Mois national de l’histoire autochtone, nous rendons hommage à l’histoire, aux traditions et à la diversité des peuples autochtones du Canada. Nous lançons ce mois en vous racontant des histoires inspirantes de communautés scolaires qui font valoir les traditions et habitudes alimentaires autochtones et en vous [&hellip;]
