
{"version":"1.0","provider_name":"Farm to Cafeteria Canada","provider_url":"https:\/\/www.farmtocafeteriacanada.ca\/fr\/","author_name":"F2CC admin","author_url":"https:\/\/www.farmtocafeteriacanada.ca\/fr\/author\/tracey\/","title":"Nourrir l\u2019avenir de nos \u00e9coles - Farm to Cafeteria Canada","type":"rich","width":600,"height":338,"html":"<blockquote class=\"wp-embedded-content\" data-secret=\"sQ2SbwxaE8\"><a href=\"https:\/\/www.farmtocafeteriacanada.ca\/fr\/2017\/11\/12158\/\">Nourrir l\u2019avenir de nos \u00e9coles<\/a><\/blockquote><iframe sandbox=\"allow-scripts\" security=\"restricted\" src=\"https:\/\/www.farmtocafeteriacanada.ca\/fr\/2017\/11\/12158\/embed\/#?secret=sQ2SbwxaE8\" width=\"600\" height=\"338\" title=\"\u00ab\u00a0Nourrir l\u2019avenir de nos \u00e9coles\u00a0\u00bb &#8212; Farm to Cafeteria Canada\" data-secret=\"sQ2SbwxaE8\" frameborder=\"0\" marginwidth=\"0\" marginheight=\"0\" scrolling=\"no\" class=\"wp-embedded-content\"><\/iframe><script type=\"text\/javascript\">\n\/* <![CDATA[ *\/\n\/*! This file is auto-generated *\/\n!function(d,l){\"use strict\";l.querySelector&&d.addEventListener&&\"undefined\"!=typeof URL&&(d.wp=d.wp||{},d.wp.receiveEmbedMessage||(d.wp.receiveEmbedMessage=function(e){var t=e.data;if((t||t.secret||t.message||t.value)&&!\/[^a-zA-Z0-9]\/.test(t.secret)){for(var s,r,n,a=l.querySelectorAll('iframe[data-secret=\"'+t.secret+'\"]'),o=l.querySelectorAll('blockquote[data-secret=\"'+t.secret+'\"]'),c=new RegExp(\"^https?:$\",\"i\"),i=0;i<o.length;i++)o[i].style.display=\"none\";for(i=0;i<a.length;i++)s=a[i],e.source===s.contentWindow&&(s.removeAttribute(\"style\"),\"height\"===t.message?(1e3<(r=parseInt(t.value,10))?r=1e3:~~r<200&&(r=200),s.height=r):\"link\"===t.message&&(r=new URL(s.getAttribute(\"src\")),n=new URL(t.value),c.test(n.protocol))&&n.host===r.host&&l.activeElement===s&&(d.top.location.href=t.value))}},d.addEventListener(\"message\",d.wp.receiveEmbedMessage,!1),l.addEventListener(\"DOMContentLoaded\",function(){for(var e,t,s=l.querySelectorAll(\"iframe.wp-embedded-content\"),r=0;r<s.length;r++)(t=(e=s[r]).getAttribute(\"data-secret\"))||(t=Math.random().toString(36).substring(2,12),e.src+=\"#?secret=\"+t,e.setAttribute(\"data-secret\",t)),e.contentWindow.postMessage({message:\"ready\",secret:t},\"*\")},!1)))}(window,document);\n\/\/# sourceURL=https:\/\/www.farmtocafeteriacanada.ca\/wp-includes\/js\/wp-embed.min.js\n\/* ]]> *\/\n<\/script>\n","thumbnail_url":"https:\/\/www.farmtocafeteriacanada.ca\/wp-content\/uploads\/2017\/04\/celebrating_impact_nsc.jpg","thumbnail_width":910,"thumbnail_height":682,"description":"Nourrir l\u2019avenir de nos \u00e9coles\u00a0a rassembl\u00e9 des partenaires des quatre coins du pays qui souhaitaient concr\u00e9tiser une vision : faire en sorte que les aliments sains et locaux soient plus pr\u00e9sents dans l\u2019esprit et dans l\u2019assiette des \u00e9l\u00e8ves. L\u2019objectif de cette initiative\u00a0 fond\u00e9e sur des donn\u00e9es probantes \u00e9tait plus pr\u00e9cis\u00e9ment de mettre en oeuvre et [&hellip;]"}

Nourrir l’avenir de nos écoles - Farm to Cafeteria Canada

<blockquote class="wp-embedded-content" data-secret="sQ2SbwxaE8"><a href="https://www.farmtocafeteriacanada.ca/fr/2017/11/12158/">Nourrir l’avenir de nos écoles</a></blockquote><iframe sandbox="allow-scripts" security="restricted" src="https://www.farmtocafeteriacanada.ca/fr/2017/11/12158/embed/#?secret=sQ2SbwxaE8" width="600" height="338" title="« Nourrir l’avenir de nos écoles » &#8212; Farm to Cafeteria Canada" data-secret="sQ2SbwxaE8" frameborder="0" marginwidth="0" marginheight="0" scrolling="no" class="wp-embedded-content"></iframe><script type="text/javascript">
/* <![CDATA[ */
/*! This file is auto-generated */
!function(d,l){"use strict";l.querySelector&&d.addEventListener&&"undefined"!=typeof URL&&(d.wp=d.wp||{},d.wp.receiveEmbedMessage||(d.wp.receiveEmbedMessage=function(e){var t=e.data;if((t||t.secret||t.message||t.value)&&!/[^a-zA-Z0-9]/.test(t.secret)){for(var s,r,n,a=l.querySelectorAll('iframe[data-secret="'+t.secret+'"]'),o=l.querySelectorAll('blockquote[data-secret="'+t.secret+'"]'),c=new RegExp("^https?:$","i"),i=0;i<o.length;i++)o[i].style.display="none";for(i=0;i<a.length;i++)s=a[i],e.source===s.contentWindow&&(s.removeAttribute("style"),"height"===t.message?(1e3<(r=parseInt(t.value,10))?r=1e3:~~r<200&&(r=200),s.height=r):"link"===t.message&&(r=new URL(s.getAttribute("src")),n=new URL(t.value),c.test(n.protocol))&&n.host===r.host&&l.activeElement===s&&(d.top.location.href=t.value))}},d.addEventListener("message",d.wp.receiveEmbedMessage,!1),l.addEventListener("DOMContentLoaded",function(){for(var e,t,s=l.querySelectorAll("iframe.wp-embedded-content"),r=0;r<s.length;r++)(t=(e=s[r]).getAttribute("data-secret"))||(t=Math.random().toString(36).substring(2,12),e.src+="#?secret="+t,e.setAttribute("data-secret",t)),e.contentWindow.postMessage({message:"ready",secret:t},"*")},!1)))}(window,document);
//# sourceURL=https://www.farmtocafeteriacanada.ca/wp-includes/js/wp-embed.min.js
/* ]]> */
</script>

Nourrir l’avenir de nos écoles a rassemblé des partenaires des quatre coins du pays qui souhaitaient concrétiser une vision : faire en sorte que les aliments sains et locaux soient plus présents dans l’esprit et dans l’assiette des élèves. L’objectif de cette initiative  fondée sur des données probantes était plus précisément de mettre en oeuvre et [&hellip;]
