
{"version":"1.0","provider_name":"Farm to Cafeteria Canada","provider_url":"https:\/\/www.farmtocafeteriacanada.ca\/fr\/","author_name":"F2CC admin","author_url":"https:\/\/www.farmtocafeteriacanada.ca\/fr\/author\/tracey\/","title":"Une serre \u00e9ducative \u00e0 l'\u00e9cole Notre-Dame - Farm to Cafeteria Canada","type":"rich","width":600,"height":338,"html":"<blockquote class=\"wp-embedded-content\" data-secret=\"awco5ZvvUY\"><a href=\"https:\/\/www.farmtocafeteriacanada.ca\/fr\/2015\/06\/une-serre-educative-a-lecole-notre-dame\/\">Une serre \u00e9ducative \u00e0 l&#8217;\u00e9cole Notre-Dame<\/a><\/blockquote><iframe sandbox=\"allow-scripts\" security=\"restricted\" src=\"https:\/\/www.farmtocafeteriacanada.ca\/fr\/2015\/06\/une-serre-educative-a-lecole-notre-dame\/embed\/#?secret=awco5ZvvUY\" width=\"600\" height=\"338\" title=\"\u00ab\u00a0Une serre \u00e9ducative \u00e0 l&#8217;\u00e9cole Notre-Dame\u00a0\u00bb &#8212; Farm to Cafeteria Canada\" data-secret=\"awco5ZvvUY\" frameborder=\"0\" marginwidth=\"0\" marginheight=\"0\" scrolling=\"no\" class=\"wp-embedded-content\"><\/iframe><script type=\"text\/javascript\">\n\/* <![CDATA[ *\/\n\/*! This file is auto-generated *\/\n!function(d,l){\"use strict\";l.querySelector&&d.addEventListener&&\"undefined\"!=typeof URL&&(d.wp=d.wp||{},d.wp.receiveEmbedMessage||(d.wp.receiveEmbedMessage=function(e){var t=e.data;if((t||t.secret||t.message||t.value)&&!\/[^a-zA-Z0-9]\/.test(t.secret)){for(var s,r,n,a=l.querySelectorAll('iframe[data-secret=\"'+t.secret+'\"]'),o=l.querySelectorAll('blockquote[data-secret=\"'+t.secret+'\"]'),c=new RegExp(\"^https?:$\",\"i\"),i=0;i<o.length;i++)o[i].style.display=\"none\";for(i=0;i<a.length;i++)s=a[i],e.source===s.contentWindow&&(s.removeAttribute(\"style\"),\"height\"===t.message?(1e3<(r=parseInt(t.value,10))?r=1e3:~~r<200&&(r=200),s.height=r):\"link\"===t.message&&(r=new URL(s.getAttribute(\"src\")),n=new URL(t.value),c.test(n.protocol))&&n.host===r.host&&l.activeElement===s&&(d.top.location.href=t.value))}},d.addEventListener(\"message\",d.wp.receiveEmbedMessage,!1),l.addEventListener(\"DOMContentLoaded\",function(){for(var e,t,s=l.querySelectorAll(\"iframe.wp-embedded-content\"),r=0;r<s.length;r++)(t=(e=s[r]).getAttribute(\"data-secret\"))||(t=Math.random().toString(36).substring(2,12),e.src+=\"#?secret=\"+t,e.setAttribute(\"data-secret\",t)),e.contentWindow.postMessage({message:\"ready\",secret:t},\"*\")},!1)))}(window,document);\n\/\/# sourceURL=https:\/\/www.farmtocafeteriacanada.ca\/wp-includes\/js\/wp-embed.min.js\n\/* ]]> *\/\n<\/script>\n","thumbnail_url":"https:\/\/www.farmtocafeteriacanada.ca\/wp-content\/uploads\/2015\/06\/une_serre_\u00e9ducative.png","thumbnail_width":800,"thumbnail_height":450,"description":"C\u2019est avec fiert\u00e9 que les \u00e9tudiants et le personnel de l\u2019\u00e9cole Notre-Dame d\u2019Edmundston ont inaugur\u00e9 leur serre lundi. Ce projet communautaire permettra \u00e9ventuellement aux \u00e9l\u00e8ves de consommer \u00e0 la caf\u00e9t\u00e9ria les l\u00e9gumes qu\u2019ils auront sem\u00e9s et dont ils auront pris soin. \u00a0Lire la suite. Publi\u00e9 le 15 juin 2015 \u00e0 15 h 52 Auteur : [&hellip;]"}

Une serre éducative à l'école Notre-Dame - Farm to Cafeteria Canada

<blockquote class="wp-embedded-content" data-secret="awco5ZvvUY"><a href="https://www.farmtocafeteriacanada.ca/fr/2015/06/une-serre-educative-a-lecole-notre-dame/">Une serre éducative à l&#8217;école Notre-Dame</a></blockquote><iframe sandbox="allow-scripts" security="restricted" src="https://www.farmtocafeteriacanada.ca/fr/2015/06/une-serre-educative-a-lecole-notre-dame/embed/#?secret=awco5ZvvUY" width="600" height="338" title="« Une serre éducative à l&#8217;école Notre-Dame » &#8212; Farm to Cafeteria Canada" data-secret="awco5ZvvUY" frameborder="0" marginwidth="0" marginheight="0" scrolling="no" class="wp-embedded-content"></iframe><script type="text/javascript">
/* <![CDATA[ */
/*! This file is auto-generated */
!function(d,l){"use strict";l.querySelector&&d.addEventListener&&"undefined"!=typeof URL&&(d.wp=d.wp||{},d.wp.receiveEmbedMessage||(d.wp.receiveEmbedMessage=function(e){var t=e.data;if((t||t.secret||t.message||t.value)&&!/[^a-zA-Z0-9]/.test(t.secret)){for(var s,r,n,a=l.querySelectorAll('iframe[data-secret="'+t.secret+'"]'),o=l.querySelectorAll('blockquote[data-secret="'+t.secret+'"]'),c=new RegExp("^https?:$","i"),i=0;i<o.length;i++)o[i].style.display="none";for(i=0;i<a.length;i++)s=a[i],e.source===s.contentWindow&&(s.removeAttribute("style"),"height"===t.message?(1e3<(r=parseInt(t.value,10))?r=1e3:~~r<200&&(r=200),s.height=r):"link"===t.message&&(r=new URL(s.getAttribute("src")),n=new URL(t.value),c.test(n.protocol))&&n.host===r.host&&l.activeElement===s&&(d.top.location.href=t.value))}},d.addEventListener("message",d.wp.receiveEmbedMessage,!1),l.addEventListener("DOMContentLoaded",function(){for(var e,t,s=l.querySelectorAll("iframe.wp-embedded-content"),r=0;r<s.length;r++)(t=(e=s[r]).getAttribute("data-secret"))||(t=Math.random().toString(36).substring(2,12),e.src+="#?secret="+t,e.setAttribute("data-secret",t)),e.contentWindow.postMessage({message:"ready",secret:t},"*")},!1)))}(window,document);
//# sourceURL=https://www.farmtocafeteriacanada.ca/wp-includes/js/wp-embed.min.js
/* ]]> */
</script>

https://www.farmtocafeteriacanada.ca/wp-content/uploads/2015/06/une_serre_éducative.png

C’est avec fierté que les étudiants et le personnel de l’école Notre-Dame d’Edmundston ont inauguré leur serre lundi. Ce projet communautaire permettra éventuellement aux élèves de consommer à la cafétéria les légumes qu’ils auront semés et dont ils auront pris soin.  Lire la suite. Publié le 15 juin 2015 à 15 h 52 Auteur : [&hellip;]
